8bd
What is -2010202222 (base 3) in base 13?
-1622c
Convert -e1b77e (base 15) to base 12.
-3710132
Convert 8863682 (base 9) to base 11.
2765878
Convert -215cf9 (base 16) to base 8.
-10256371
What is 147200 (base 10) in base 8?
437400
-18d38 (base 16) to base 10
-101688
What is 68b844 (base 16) in base 10?
6862916
Convert -126ba2 (base 16) to base 6.
-41512522
Convert -1110001010110100000000 (base 2) to base 3.
-20222201001211
What is 161b472 (base 13) in base 3?
111101010102122
Convert -125465 (base 11) to base 5.
-22310133
What is -121002212000022 (base 3) in base 6?
-503241525
Convert -466a (base 16) to base 10.
-18026
What is 10a77 (base 16) in base 12?
33587
What is 103213330303 (base 4) in base 5?
2304104441
111011111001100011000 (base 2) to base 13
53950a
What is -13e7a9 (base 16) in base 10?
-1304489
Convert 215832 (base 12) to base 13.
156581
What is 1181148 (base 12) in base 15?
4732c2
140313422 (base 6) to base 9
5274785
2077e (base 15) to base 12
4b6a8
What is 1120231223 (base 4) in base 13?
c9518
Convert 8b0454 (base 14) to base 5.
2202213101
-3158336 (base 9) to base 5
-413123120
-232996 (base 11) to base 7
-3100241
9024b6 (base 15) to base 12
235b730
289162 (base 10) to base 2
1000110100110001010
What is 266730 (base 8) in base 4?
112313120
-361215 (base 7) to base 4
-33330000
What is -234482 (base 9) in base 5?
-14003340
Convert 1890ad (base 14) to base 3.
1122012102021
Convert 1222210000210 (base 3) to base 12.
4306a9
What is 53cbc (base 14) in base 13?
71424
What is -466321 (base 7) in base 12?
-4063a
Convert 25537700 (base 8) to base 3.
101200211121101
-13000552 (base 6) to base 2
-1100110100100010100
What is 7a3093 (base 13) in base 14?
5539c8
-2521a (base 15) to base 6
-2313024
11026443 (base 7) to base 14
1a9823
Convert -276052 (base 8) to base 3.
-11221111112
What is 201140315 (base 6) in base 2?
1101000010101101010111
Convert 2838a1 (base 11) to base 5.
103204202
Convert -1011001010110110 (base 2) to base 10.
-45750
Convert 324640 (base 11) to base 15.
a3989
What is -5012255 (base 7) in base 14?
-11579c
What is 64294a (base 14) in base 8?
14731026
Convert 11111010100111111110 (base 2) to base 9.
1834150
What is 54789 (base 13) in base 11?
a4960
What is -1653132 (base 8) in base 7?
-4041630
-210101222121 (base 3) to base 14
-ad7a7
-173415 (base 8) to base 13
-22a30
-480962 (base 12) to base 4
-10123311122
Convert a4471 (base 12) to base 14.
58485
What is 43a7a1 (base 16) in base 14?
835b7b
Convert 6275b (base 16) to base 11.
255aa9
Convert -304509 (base 10) to base 16.
-4a57d
Convert -36206 (base 11) to base 7.
-305030
Convert -7665640 (base 8) to base 3.
-10212121122111
3051533 (base 6) to base 12
70ba9
Convert 97623 (base 10) to base 2.
10111110101010111
Convert -22144034 (base 5) to base 14.
-507da
What is 1519054 (base 10) in base 7?
15624505
45200 (base 8) to base 2
100101010000000
3495417 (base 13) to base 6
1335542533
Convert -111536106 (base 7) to base 11.
-39244a2
What is -307851 (base 9) in base 3?
-100021221201
Convert 3111a (base 13) to base 6.
1515424
1641464 (base 7) to base 11
1468a1
Convert 20084 (base 13) to base 14.
16bdc
52059a (base 16) to base 4
110200112122
What is 11210121021 (base 3) in base 15?
1ceda
What is 8753 (base 16) in base 13?
129cb
-c1631 (base 14) to base 12
-1a50a3
-2675677 (base 9) to base 14
-2a2a36
What is -45564015 (base 7) in base 10?
-3982242
What is -136a97a (base 12) in base 6?
-215022234
What is 252b5 (base 16) in base 5?
14332440
Convert 24332115 (base 6) to base 16.
bd02f
Convert -5540725 (base 11) to base 3.
-200021221202112
-da3c5 (base 15) to base 5
-134131420
1333615 (base 8) to base 6
12010325
-479524 (base 10) to base 5
-110321044
What is 761330 (base 10) in base 5?
143330310
1323140 (base 5) to base 16
682e
-61026 (base 8) to base 9
-37400
-201525255 (base 6) to base 12
-11a382b
Convert 3a145 (base 12) to base 2.
10011011101000101
What is -2eb54 (base 15) in base 11?
-a3542
Convert 423a8 (base 12) to base 3.
11102021202
101010212110 (base 3) to base 9
333773
-1ab21 (base 12) to base 7
-223345
Convert -154617 (base 8) to base 15.
-11780
-25326200 (base 7) to base 11
-1326602
What is -1a0736 (base 13) in base 12?
-278a43
-4fa772 (base 16) to base 14
-99c5a2
1000000011110000001 (base 2) to base 11
17043a
10e841d (base 15) to base 6
1111532531
-1b900b (base 15) to base 11
-83a825
Convert -10001010010110101101001 (base 2) to base 16.
-452d69
What is -11100000010111001110 (base 2) in base 11?
-5784a6
-455446 (base 11) to base 12
-2ab3b2
What is -11111100011100100111 (base 2) in base 5?
-231042043
Convert 71037730 (base 8) to base 16.
e43fd8
2521b (base 14) to base 10
90969
212221210220 (base 3) to base 5
110042100
Convert -212303121 (base 4) to base 8.
-466331
What is 4524643 (base 8) in base 11?
765a07
-86610 (base 10) to base 8
-251122
What is 5187283 (base 9) in base 14?
522d6a
14d0a8 (base 16) to base 11
851994
Convert 7845 (base 11) to base 8.
24136
Convert -2320022 (base 4) to base 14.
-441c
Convert -72124 (base 8) to base 12.
-15298
Convert ab508c (base 15) to base 16.
7ca0d0
What is 15818b (base 13) in base 14?
dbc10
Convert 27403703 (base 8) to base 3.
102121002011222
-263600 (base 8) to base 13
-32b75
What is 242423 (base 6) in base 5?
1140302
What is -4304444 (base 6) in base 3?
-101201102101
Convert 9723 (base 11) to base 8.
31063
What is 1541133 (base 6) in base 4?
112031301
10122220100220 (base 3) to base 4
13123101021
-100001011100110010011 (base 2) to base 4
-10023212103
Convert b28b2 (base 12) to base 3.
102211101122
Convert 2012000021212 (base 3) to base 16.
11b925
What is -2081115 (base 10) in base 3?
-10220201202100
-4463615 (base 7) to base 4
-2013021131
What is 521142153 (base 6) in base 4?
202121223111
-21024202 (base 6) to base 5
-124010213
What is 20012012013 (base 4) in base 11?
121a41a
Convert -16a5 (base 15) to base 13.
-22b5
What is -2246671 (base 8) in base 9?
-1128337
What is 48720 (base 10) in base 11?
33671
Convert 9781 (base 10) to base 11.
7392
Convert 112a25 (base 16) to base 11.
6a9178
-10220211202111 (base 3) to base 16
-1fc9ea
What is 182aaa (base 14) in base 6?
30135530
Convert 1fc83 (base 16) to base 10.
130179
233176 (base 8) to base 16
1367e
What is -3548291 (base 10) in base 2?
-1101100010010010000011
What is c8ab (base 15) in base 5?
2324321
Convert -100101110100010000011 (base 2) to base 4.
-10232202003
-519b6e (base 16) to base 9
-11051321
Convert -7aab4 (base 12) to base 4.
-220002220
Convert -3484046 (base 10) to base 16.
-35298e
-13540152 (base 6) to base 4
-1301102210
-22213221 (base 4) to base 3
-2012200000
Convert 2100044 (base 5) to base 13.
12871
What is 73d30 (base 14) in base 15?
57d3e
What is -3780523 (base 9) in base 15?
-2aa820
What is 1008975 (base 13) in base 9?
10105416
a13ba (base 13) to base 3
112122200222
210222211021010 (base 3) to base 5
10443010444
What is 7135c4 (base 13) in base 14?
4c84d2
What is -2012000112 (base 3) in base 16?
-a811
-538243 (base 16) to base 13
-1198084
Convert -12000000001 (base 3) to base 6.
-2035344
Convert 355aaaa (base 11) to base 9.
12611426
Convert -23340337 (base 8) to base 14.
-96902b
Convert 11110001110010000011000 (base 2) to base 15.
a6770c
What is 178662 (base 13) in base 2?
10010000000001000010
-52b396 (base 12) to base 3
-2110022101020
43110203 (base 5) to base 2
1011000101010101010
Convert 4b2830 (base 14) to base 15.
35eaea
Convert -11001010111000110 (base 2) to base 9.
-167440
What is 2310223 (base 7) in base 3?
112122101101
-1016520 (base 7) to base 14
-32847
What is -211210041 (base 5) in base 2?
-11010111010011101000
What is 2968c (base 13) in base 6?
1401121
-845c (base 14) to base 16
-5922
a1f2 (base 16) to base 15
c43d
-523565 (base 9) to base 16
-4beea
What is -234331011 (base 5) in base 12?
-446602
What is 321268 (base 9) in base 10?
191222
What is -1957438 (base 13) in base 11?
-4778511
115650 (base 14) to base 5
122404311
-793218 (base 12) to base 8
-7301164
-11010000110100111111101 (base 2) to base 6
-402355553
What is -1130032 (base 5) in base 10?
-20642
Convert a3999 (base 13) to base 2.
1000111101111011000
Convert 21442014 (base 5) to base 7.
1406403
What is -130222 (base 10) in base 7?
-1051441
What is 420444 (base 7) in base 6?
1314310
Convert 151